+ -7. Let z be 4/2 + (-200)/x. Calculate the greatest common factor of z and 21.
21
Let j be 2/23 + 420/(-69) - -14. Suppose 0 = -6*m + m + 440. What is the greatest common divisor of j and m?
8
Let w(o) = o**3 + 7*o**2 + 3*o - 14. Let s be w(-4). Let l(a) = 28*a**2 - 2*a - 4. Let n be l(3). What is the greatest common divisor of s and n?
22
Let t be (-110)/(-275) - (-158)/5. Calculate the greatest common divisor of 12 and t.
4
Suppose 5*r = 4*k + 31, 3*r + 7 - 32 = -4*k. What is the highest common divisor of 91 and r?
7
Suppose 0 = 2*o + 5*n - 39, 5*n + 77 = 2*o + 8. Let j be -4 - -1 - -8*o. Suppose -5*m + 67 = -j. Calculate the highest common factor of m and 8.
8
Let k be (0 + (-18)/1)*-5. Suppose -k = -5*m - m. Calculate the greatest common factor of m and 6.
3
Suppose -12 = -3*r, 3*n + 5*r = -2*n - 5. Let f(m) = -m**3 - m**2 - 8*m - 7. Let p be f(n). What is the highest common factor of p and 19?
19
Let j = 49 - 49. Suppose j = -3*l + 77 + 4. Let h(n) = -n**3 + 6*n**2 + 2*n + 6. Let a be h(6). Calculate the greatest common factor of l and a.
9
Suppose 0*k - 2*k = -4. Let h(n) = n - 11. Let c be -1*2*95/(-10). Let m be h(c). What is the greatest common divisor of m and k?
2
Let t be 27 + -1 + -2 + 3. Let m = -56 + 56. Suppose j + 301 = 2*j - 2*p, -3*p - 6 = m. What is the greatest common divisor of j and t?
27
Let j be 24/8 + -2*(-10)/4. What is the highest common divisor of 44 and j?
4
Let q be (-2 + (-5)/(-2))*-62. Let y be q + -1 - (-1 + 2). Let n = y + 93. What is the highest common factor of 12 and n?
12
Suppose -3*r = -5*y + 84, -r - r - 66 = -4*y. Calculate the highest common divisor of 480 and y.
15
Suppose 20 = -4*x + 8. Let l be 3 - (x + 7 + -19). What is the highest common factor of l and 18?
18
Let n(k) = -158*k - 104. Let r be n(-5). What is the highest common divisor of 14 and r?
14
Suppose v - 4*u - 19 = 0, -u + 26 = 4*v + 1. Suppose -k + 4*p = k + 4, -2*k = -5*p + v. Suppose 0 = q - k + 1. What is the greatest common factor of q and 1?
1
Let w(q) = 6*q**2 + 1319 - q - 1319. Let y be w(1). Calculate the highest common factor of y and 55.
5
Suppose -117 = -5*h + 8. Suppose -1400 = -9*z + z. What is the greatest common divisor of h and z?
25
Suppose 0 = 5*y - 2*b - 25, 3*y = 2*y + 2*b + 5. Suppose -2 + 7 = -y*w. Let z be w*368/(-4) - 4. Calculate the highest common divisor of z and 22.
22
Let v(w) = 319*w + 1. Let p be v(1). Let o be 264/440 - (-634)/10. Calculate the greatest common divisor of o and p.
64
Suppose 5*g + 15 = 6*g. Let t = g + -1. Suppose k - t = -k. Calculate the highest common factor of 21 and k.
7
Let x(t) = -t**2 - 14*t - 29. Let n be x(-11). Suppose 0 = -l + 4*s, l - 6 = -l + 2*s. Calculate the highest common divisor of n and l.
4
Suppose -b = 2556 - 3626. What is the greatest common divisor of 20 and b?
10
Let q = -21 + 23. Suppose q*h = -h - 30. Let i be (16/h)/(10/(-50)). What is the highest common factor of i and 8?
8
Let q = 1445 - 1232. Calculate the greatest common divisor of 355 and q.
71
Suppose t - 5*t + 64 = 0. Let p(x) = x**2 + 2*x. Let r be p(4). What is the highest common factor of r and t?
8
Let b(o) = 3*o**2. Let a be b(1). Suppose -a*r = -2*r. Suppose 11 = -5*u + 36, r = -3*c - u + 38. What is the greatest common factor of 44 and c?
11
Let q(m) = m**3 + 20*m**2 - 23*m + 26. Let d be q(-21). Calculate the greatest common factor of d and 85.
17
Suppose 57 = 3*h - 264. Let q = h - 56. What is the highest common factor of 34 and q?
17
Suppose -8 - 32 = -5*a. Let i = 66 + -34. What is the greatest common factor of i and a?
8
Let r = 72 - -45. Suppose 0 = -5*u - 18 - 112. Let b = u - -39. What is the highest common divisor of b and r?
13
Let x(m) = -m**2 + 6*m + 10. Let l be x(7). Suppose 2*a = 3*f + 258, a - 132 = -0*a + l*f. What is the highest common divisor of a and 14?
14
Let p(v) = -v**3 - 2*v**2 - 2*v + 19. Let g be p(0). Let j = g + -11. Suppose b = -3 + 5. Calculate the highest common divisor of b and j.
2
Let z = 592 + -536. What is the greatest common divisor of z and 232?
8
Suppose 5*v + 3*h = -0*v + 526, 4*v = -5*h + 426. Calculate the highest common divisor of v and 364.
52
Let l be ((-7)/(-2))/((-1)/(-2)). Let i(x) = 2*x**2 - 267*x + 1558. Let j be i(6). Calculate the greatest common divisor of l and j.
7
Let k = -7 - -13. Let z = 4 + k. Suppose -2 = -3*s - 5*f, 5*s + 2*f = -z + 26. Calculate the greatest common divisor of 10 and s.
2
Suppose 7*j = -13*j + 220. Calculate the highest common divisor of 330 and j.
11
Suppose 0 = -3*x - 2*j + 119, -5*j - 11 = 14. Let n(f) = -f**3 + 43. Let u be n(0). Calculate the highest common divisor of x and u.
43
Suppose 3*b - 99 = -5*m + 2*b, 0 = -4*m + b + 72. Let n be (5 - 4)*m - 4. Calculate the greatest common divisor of n and 15.
15
Let p be (8/(-12))/(2/33). Suppose 0 = -2*q - 10 - 4. Let m = q - p. Calculate the highest common factor of 1 and m.
1
Suppose 3*v + 0*v - 2*s - 19 = 0, 5*v + 4*s = 17. What is the highest common divisor of 125 and v?
5
Let b(j) = -j**3 - 62*j**2 + 334*j - 48. Let x be b(-67). Let i be 75 + (-3)/(-3)*1. What is the highest common factor of x and i?
19
Suppose 4*m + 66 = 3*c, c - 5*m = 39 - 6. What is the greatest common divisor of c and 234?
18
Let m be (16/40)/((-1)/(-5)). Suppose -2*s = -2*o + 5*o + 7, -o - 4*s - 19 = 0. Suppose -o = -r + 3. Calculate the highest common divisor of r and m.
2
Let r(s) = s**3 + 12*s**2 + 24*s - 16. Let h be r(-9). Calculate the greatest common divisor of h and 77.
11
Let t = 16 + 4. Suppose 443 + 257 = 14*u. Calculate the highest common divisor of u and t.
10
Let z be 1/(-3) - 129/(-9). Let w = -11 - -16. Suppose -3*h + 117 = 3*c, -2*c - w*h + 32 = -58. What is the highest common factor of z and c?
7
Suppose 218 = 39*m - 37*m. Let o = m - 23. Calculate the greatest common divisor of o and 43.
43
Suppose -770 = -13*m - m. Suppose -3*s + 65 = 4*l + 14, -5*l = 2*s - m. Calculate the highest common factor of 15 and l.
3
Let p(y) = -y**2 + 3*y - 1. Let x be p(2). Let f be ((-74)/(-259))/((-2)/(-28)). Calculate the highest common divisor of f and x.
1
Let a(p) = 19*p - 51. Let q be a(6). Suppose -2*x + 2 + 16 = 0. What is the highest common factor of q and x?
9
Let p = 4 - 6. Let g = p - -10. Let t(s) = s**2 + 2*s + 16. Let b be t(-8). What is the greatest common factor of g and b?
8
Let w be 15*(6/24 - 6/(-8)). Calculate the highest common divisor of w and 195.
15
Suppose 492 = 14*l + 156. What is the highest common divisor of l and 408?
24
Suppose 14*s - 32*s + 306 = 0. Suppose -2*d - 376 = -2*v, d - 744 = -4*v - 3*d. What is the highest common divisor of s and v?
17
Let l(y) = -y + 4. Let t be l(6). Let w be (1 + t)*1 + 9. Suppose d - 26 = -14. Calculate the greatest common factor of w and d.
4
Let r(b) = b + 47. Let z be r(-7). Calculate the greatest common factor of 5 and z.
5
Let q = -58 - -6. Let t = 58 + q. Let k = 2 - -4. What is the greatest common divisor of t and k?
6
Suppose 2*z + 3*z = -25, 2*h + 3*z - 1051 = 0. What is the greatest common factor of h and 41?
41
Suppose 32*i - 8*i - 168 = 0. Suppose 5*y - 595 = -0*y. Calculate the greatest common divisor of y and i.
7
Let q(j) = -2*j**2 + 23*j + 3. Let f be q(3). What is the greatest common factor of f and 27?
27
Let h be (0 - 1)/((-2)/50). Let d(y) = 10*y - 70. Let l be d(27). Calculate the greatest common divisor of l and h.
25
Let i = 8 - 8. Suppose -16 = -2*k - i*k. Calculate the highest common divisor of 1 and k.
1
Let y = 12 + 3. Suppose -2*l + 80 = 2*l. Suppose w = -w + l. Calculate the greatest common divisor of y and w.
5
Let d = -1676 + 1714. Calculate the greatest common divisor of d and 57.
19
Let i(g) = g**3 + 3*g**2 - 1. Let x be i(2). Suppose -s + 328 = 4*d, -4*s + 159 = 2*d - x. Calculate the highest common divisor of 27 and d.
27
Let z = -371 - -407. What is the highest common divisor of z and 60?
12
Suppose -5*h + 97 = -3*v, -35*v - 5 = -40*v. Calculate the highest common factor of 32 and h.
4
Let p(h) = h**2 + 13*h + 14. Let t be p(-15). Calculate the greatest common divisor of t and 1364.
44
Suppose -5*i + 10*i = 4*y + 46, -8 = -4*i. Let j = 6 - y. Let h(r) = -r**3 - 6*r**2 - 10*r - 10. Let d be h(-5). Calculate the highest common factor of j and d.
15
Let w = -1527 + 1605. Calculate the greatest c